base 15, what is -9ca4 + -3?
-9ca7
In base 5, what is -114 + 131?
12
In base 5, what is -131420 + 3?
-131412
In base 8, what is 42011 - -2?
42013
In base 11, what is -1 - -47?
46
In base 11, what is 417 - -2?
419
In base 3, what is -1001021 + -10?
-1001101
In base 10, what is -88 - 5?
-93
In base 16, what is -4 + 2e9?
2e5
In base 4, what is 11 - 301?
-230
In base 2, what is -101010 + 111?
-100011
In base 5, what is -10 - -21033?
21023
In base 9, what is 3 - -86?
100
In base 16, what is 39 - -4?
3d
In base 5, what is -101 - 413?
-1014
In base 3, what is 10 - -1120?
1200
In base 13, what is -7 - -47?
40
In base 9, what is -2 - -825?
823
In base 13, what is -b - 51?
-5c
In base 9, what is 78 - -1?
80
In base 12, what is -a07 + 6?
-a01
In base 3, what is 2 - 2021?
-2012
In base 4, what is -1331 + 110?
-1221
In base 4, what is 12320 + 10?
12330
In base 11, what is -5 + -47?
-51
In base 15, what is -d4 + c?
-c7
In base 11, what is -1 - 30?
-31
In base 5, what is 10302 - 11?
10241
In base 3, what is 201212 + 1?
201220
In base 11, what is 3666 - 5?
3661
In base 2, what is 1111011 - -1?
1111100
In base 6, what is 1224 - -4?
1232
In base 3, what is -12 + 0?
-12
In base 6, what is 1250 + 3?
1253
In base 3, what is 1 - -110?
111
In base 12, what is 17 - -5?
20
In base 14, what is -b + 4b5?
4a8
In base 14, what is -1 + 264?
263
In base 12, what is 43 + 1?
44
In base 6, what is -5 - -121?
112
In base 9, what is 0 + 256?
256
In base 15, what is 5 + 2c?
32
In base 4, what is 320 + 10122?
11102
In base 13, what is -3 - -82?
7c
In base 15, what is 3 + 78?
7b
In base 14, what is -85 - 3?
-88
In base 6, what is 4305 + -2?
4303
In base 2, what is -11 + 11000010010?
11000001111
In base 10, what is 12 + 20?
32
In base 5, what is -1214 + -3?
-1222
In base 11, what is 2a + 8?
37
In base 2, what is 110010010 + 11?
110010101
In base 13, what is -101 - -4?
-ca
In base 15, what is 267 + 0?
267
In base 3, what is -220 - 112111?
-120101
In base 10, what is -5 - -6?
1
In base 2, what is 100 + -101001010001?
-101001001101
In base 9, what is -10 - -148?
138
In base 6, what is 15255 + 4?
15303
In base 2, what is -100100100 - 1?
-100100101
In base 14, what is 57 - 5b?
-4
In base 13, what is -4 + -8a?
-91
In base 14, what is -18b2 - 2?
-18b4
In base 10, what is 0 + 997?
997
In base 11, what is 4 + -12?
-9
In base 15, what is 0 - -30a?
30a
In base 3, what is 100020122 - 0?
100020122
In base 7, what is -3 + -36?
-42
In base 6, what is 414 - -120?
534
In base 10, what is -5 - -1?
-4
In base 9, what is 5 - 3?
2
In base 12, what is 5817 + -5?
5812
In base 12, what is -4b1 - 4?
-4b5
In base 6, what is 1 - 11051?
-11050
In base 12, what is -26 - -6?
-20
In base 4, what is -3 + -11023?
-11032
In base 10, what is -25 + 25?
0
In base 10, what is -21 - -20?
-1
In base 8, what is -6 - 245?
-253
In base 10, what is 70 - 6?
64
In base 12, what is -a0 + 7?
-95
In base 10, what is 292 + -2?
290
In base 2, what is -1 - -11011100?
11011011
In base 11, what is 2 + 1034?
1036
In base 9, what is 7 - -72?
80
In base 15, what is 80 - 10?
70
In base 6, what is -41 + 13?
-24
In base 8, what is 17 - 244?
-225
In base 11, what is 7a90 + -5?
7a86
In base 15, what is 11a + -2?
118
In base 12, what is 5 + a?
13
In base 5, what is -20 - -3?
-12
In base 5, what is -3 + -111411?
-111414
In base 6, what is -30 - -102?
32
In base 16, what is 5 - -39?
3e
In base 9, what is 5 + 236?
242
In base 2, what is 101010110 - 1?
101010101
In base 13, what is 3 + 546?
549
In base 14, what is -55 + -c9?
-140
In base 9, what is 23 - 33?
-10
In base 3, what is 10020102 - 12?
10020020
In base 4, what is -103 + -1201?
-1310
In base 7, what is -213 - -1?
-212
In base 13, what is -7 + -20?
-27
In base 8, what is -5 + 1560?
1553
In base 14, what is 2 - 58?
-56
In base 15, what is -8db - -a?
-8d1
In base 2, what is 111 - -1000010?
1001001
In base 3, what is 10 - -2001?
2011
In base 2, what is 1 - 100110101?
-100110100
In base 14, what is 4 - 3c7?
-3c3
In base 12, what is -2 + 0?
-2
In base 7, what is 140 - -23?
163
In base 8, what is -4 - 3505?
-3511
In base 3, what is 0 - -201?
201
In base 5, what is -13 - -4?
-4
In base 2, what is 10110101111000 - 0?
10110101111000
In base 6, what is -231 + -3?
-234
In base 2, what is 110000 + -1010?
100110
In base 4, what is -2 - -21022?
21020
In base 8, what is 22 + -660?
-636
In base 6, what is 3 + 254?
301
In base 10, what is -10 + -42?
-52
In base 4, what is 3 + 220033?
220102
In base 16, what is 24b - 1?
24a
In base 13, what is -c1 + a?
-b4
In base 7, what is 6 + 36?
45
In base 13, what is 67 - 5?
62
In base 11, what is 3 - -45?
48
In base 4, what is 101 - 12131?
-12030
In base 12, what is -647 - -4?
-643
In base 10, what is -98 - 0?
-98
In base 6, what is 1003 - 2?
1001
In base 12, what is 2 + 2625?
2627
In base 8, what is 1 - -41?
42
In base 11, what is -8 + 10?
3
In base 15, what is -5e + -1?
-60
In base 14, what is a + -bb?
-b1
In base 16, what is -351 + 5?
-34c
In base 8, what is 231 + -1?
230
In base 2, what is 11110010 - 10010?
11100000
In base 14, what is 4 + 6d?
73
In base 7, what is -3 + 510?
504
In base 2, what is 10000110011 - -1?
10000110100
In base 14, what is 1ab + -6?
1a5
In base 5, what is -244 - -10?
-234
In base 16, what is 4 - -1e?
22
In base 9, what is 26 - -88?
125
In base 6, what is 513141 + 2?
513143
In base 8, what is -423 + -131?
-554
In base 4, what is 13203 - -1?
13210
In base 9, what is 1058 + 6?
1065
In base 9, what is 2 + 5850?
5852
In base 5, what is -12 + -144?
-211
In base 15, what is -12 + 5?
-c
In base 12, what is -17 + 67?
50
In base 11, what is -2 + -576?
-578
In base 12, what is 609 + -3?
606
In base 3, what is -20022 + 1?
-20021
In base 9, what is -2 + 236?
234
In base 2, what is -110101011 - 1?
-110101100
In base 13, what is -97 - -5?
-92
In base 13, what is 3 + 3c?
42
In base 14, what is 4 + 325?
329
In base 15, what is 95 - -1?
96
In base 14, what is -5c8 + 2?
-5c6
In base 3, what is -121000 + 110?
-120120
In base 10, what is -1006 - -7?
-999
In base 5, what is 0 - 1040?
-1040
In base 13, what is -8b - -28?
-63
In base 15, what is 6 + -67?
-61
In base 7, what is 5512 - 5?
5504
In base 3, what is -1200 + 10?
-1120
In base 9, what is 11 + -80?
-68
In base 9, what is 7465 + -3?
7462
In base 9, what is -542 - -3?
-538
In base 11, what is -380 + -3?
-383
In base 5, what is -1 - 100013?
-100014
In base 12, what is -11 + -25?
-36
In base 3, what is -10200 - -1?
-10122
In base 5, what is -33 + -123?
-211
In base 3, what is 202202 - -100?
210002
In base 5, what is 4 - 23131?
-23122
In base 6, what is -121 - -35?
-42
In base 12, what is 5 - 3097?
-3092
In base 2, what is 1 + -11101001?
-11101000
In base 11, what is -3 + -176?
-179
In base 5, what is -2400 + 2?
-2343
In base 4, what is 220 - -23?
303
In base 9, what is 56 + 0?
56
In base 11, what is -28a54 + 3?
-28a51
In base 6, what is 352 + -10?
342
In base 9, what is -5 - 26?
-32
In base 13, what is -84c - -3?
-849
In base 10, what is -54 - -110?
56
In base 11, what is -328 - -29?
-2aa
In base 4, what is -220 + -2?
-222
In base 10, what is -288 + 0?
-288
In base 13, what is 2 - -c75?
c77
In base 5, what is 132 + 11?
143
In base 13, what is bc + -5?
b7
In base 16, what is -3e - 3?
-41
In base 6, what is -21 + 2200?
2135
In base 10, what is -19 + 114?
95
In base 15, what is cb + 1?
cc
In base 6, what is 500 - 23?
433
In base 16, what is -ef + 0?
-ef
In base 2, what is 11 - 110100011?
-110100000
In base 10, what is 257 - -66?
323
In base 12, what is -17231 - -2?
-1722b
In base 8, what is 10 + -50?
-40
In base 8, what is 176 - 1?
175
In base 10, what is 22 + 577?
599
In base 12, what is 4 + 31?
35
In base 11, what is -5 + 22?
18
In base 5, what is -1 + -121113?
-121114
In base 3, what is 0 - -110120122?
110120122
In base 10, what is -244 - 18?
-262
In base 2, what is -1 + -11000101?
-11000110
In base 6, what is 322 - 454?
-132
In base 9, what is -22 + -22?
-44
In base 9, what is 206 + -2?
204
In base 16, what is -1 - 72?
-73
In base 4, what is 1 - -2333?
3000
In base 8, what is -2 - 212?
-214
In base 2, what is 101 - 10010110?
-10010001
In base 9, what is 1421 - -1?
1422
In base 16, what is 3 + -bc?
-b9
In base 16, what is 9f + -4?
9b
In base 15, what is 6ca - -2?
6cc
In base 12, what is 2 - -213?
215
In bas